{"id":635,"date":"2022-05-17T10:52:41","date_gmt":"2022-05-17T13:52:41","guid":{"rendered":"https:\/\/www.rihs.ufscar.br\/hslivros\/?page_id=635"},"modified":"2022-05-17T11:30:26","modified_gmt":"2022-05-17T14:30:26","slug":"direcionamento","status":"publish","type":"page","link":"https:\/\/www.rihs.ufscar.br\/hslivros\/","title":{"rendered":"Direcionamento"},"content":{"rendered":"\n<div class=\"wp-block-cover alignfull has-palette-color-4-background-color has-background-dim\" style=\"min-height:50px\"><div class=\"wp-block-cover__inner-container\">\n<p class=\"has-text-align-center has-large-font-size\">ESCOLHA O SEU LIVRO<\/p>\n<\/div><\/div>\n\n\n\n<div class=\"wp-block-columns is-layout-flex wp-container-5\">\n<div class=\"wp-block-column is-layout-flow\">\n<div class=\"wp-block-media-text alignwide is-stacked-on-mobile\"><figure class=\"wp-block-media-text__media\"><a href=\"https:\/\/www.rihs.ufscar.br\/hslivros\/inicial\"><img decoding=\"async\" loading=\"lazy\" width=\"690\" height=\"1024\" src=\"https:\/\/www.rihs.ufscar.br\/hslivros\/wp-content\/uploads\/2022\/03\/habilidades_sociais_capa_zilda-so-frente-690x1024.jpg\" alt=\"\" class=\"wp-image-556 size-full\" srcset=\"https:\/\/www.rihs.ufscar.br\/hslivros\/wp-content\/uploads\/2022\/03\/habilidades_sociais_capa_zilda-so-frente-690x1024.jpg 690w, https:\/\/www.rihs.ufscar.br\/hslivros\/wp-content\/uploads\/2022\/03\/habilidades_sociais_capa_zilda-so-frente-202x300.jpg 202w, https:\/\/www.rihs.ufscar.br\/hslivros\/wp-content\/uploads\/2022\/03\/habilidades_sociais_capa_zilda-so-frente-768x1139.jpg 768w, https:\/\/www.rihs.ufscar.br\/hslivros\/wp-content\/uploads\/2022\/03\/habilidades_sociais_capa_zilda-so-frente-1036x1536.jpg 1036w, https:\/\/www.rihs.ufscar.br\/hslivros\/wp-content\/uploads\/2022\/03\/habilidades_sociais_capa_zilda-so-frente-1381x2048.jpg 1381w, https:\/\/www.rihs.ufscar.br\/hslivros\/wp-content\/uploads\/2022\/03\/habilidades_sociais_capa_zilda-so-frente-scaled.jpg 1726w\" sizes=\"(max-width: 690px) 100vw, 690px\" \/><\/a><\/figure><div class=\"wp-block-media-text__content\">\n<p class=\"has-normal-font-size\"><strong>Habilidades sociais na escola mediadas pelo professor<\/strong><\/p>\n\n\n\n<p>Este site \u00e9 de acesso restrito aos leitores desses livros, para a realiza\u00e7\u00e3o das atividades virtuais associadas a v\u00eddeos disponibilizados nos livros por meio de links e QRCodes.<\/p>\n\n\n\n<div class=\"wp-block-buttons is-layout-flex\">\n<div class=\"wp-block-button\"><a class=\"wp-block-button__link\" href=\"https:\/\/www.rihs.ufscar.br\/hslivros\/inicial\">Acesse o livro aqui<\/a><\/div>\n<\/div>\n<\/div><\/div>\n<\/div>\n\n\n\n<div class=\"wp-block-column is-layout-flow\">\n<div class=\"wp-block-media-text alignwide is-stacked-on-mobile\"><figure class=\"wp-block-media-text__media\"><a href=\"https:\/\/www.rihs.ufscar.br\/hslivros-2\/\"><img decoding=\"async\" loading=\"lazy\" width=\"722\" height=\"1024\" src=\"https:\/\/www.rihs.ufscar.br\/hslivros\/wp-content\/uploads\/2022\/03\/Aperfeicoando-minhas-HS-1-722x1024.jpg\" alt=\"\" class=\"wp-image-555 size-full\" srcset=\"https:\/\/www.rihs.ufscar.br\/hslivros\/wp-content\/uploads\/2022\/03\/Aperfeicoando-minhas-HS-1-722x1024.jpg 722w, https:\/\/www.rihs.ufscar.br\/hslivros\/wp-content\/uploads\/2022\/03\/Aperfeicoando-minhas-HS-1-212x300.jpg 212w, https:\/\/www.rihs.ufscar.br\/hslivros\/wp-content\/uploads\/2022\/03\/Aperfeicoando-minhas-HS-1-768x1089.jpg 768w, https:\/\/www.rihs.ufscar.br\/hslivros\/wp-content\/uploads\/2022\/03\/Aperfeicoando-minhas-HS-1-1083x1536.jpg 1083w, https:\/\/www.rihs.ufscar.br\/hslivros\/wp-content\/uploads\/2022\/03\/Aperfeicoando-minhas-HS-1-1445x2048.jpg 1445w, https:\/\/www.rihs.ufscar.br\/hslivros\/wp-content\/uploads\/2022\/03\/Aperfeicoando-minhas-HS-1.jpg 1786w\" sizes=\"(max-width: 722px) 100vw, 722px\" \/><\/a><\/figure><div class=\"wp-block-media-text__content\">\n<p class=\"has-normal-font-size\"><strong>Aperfei\u00e7oando habilidades sociais e compet\u00eancia social<\/strong><\/p>\n\n\n\n<p>Este site \u00e9 de acesso restrito aos leitores desses livros, para a realiza\u00e7\u00e3o das atividades virtuais associadas a v\u00eddeos disponibilizados nos livros por meio de links e QRCodes.<\/p>\n\n\n\n<div class=\"wp-block-buttons is-layout-flex\">\n<div class=\"wp-block-button is-style-fill\"><a class=\"wp-block-button__link has-background\" href=\"https:\/\/www.rihs.ufscar.br\/hslivros-2\/\" style=\"background-color:#00a387\">Acesse o livro aqui<\/a><\/div>\n<\/div>\n<\/div><\/div>\n<\/div>\n<\/div>\n","protected":false},"excerpt":{"rendered":"<p>Habilidades sociais na escola mediadas pelo professor Este site \u00e9 de acesso restrito aos leitores desses livros, para a realiza\u00e7\u00e3o das atividades virtuais associadas a v\u00eddeos disponibilizados nos livros por meio de links e QRCodes. Aperfei\u00e7oando habilidades sociais e compet\u00eancia social Este site \u00e9 de acesso restrito aos leitores desses livros, para a realiza\u00e7\u00e3o das atividades virtuais associadas a v\u00eddeos disponibilizados nos livros por meio de links e QRCodes.<\/p>\n","protected":false},"author":1,"featured_media":0,"parent":0,"menu_order":0,"comment_status":"closed","ping_status":"closed","template":"","meta":[],"blocksy_meta":{"styles_descriptor":{"styles":{"desktop":"","tablet":"","mobile":""},"google_fonts":[],"version":2},"page_title_panel":"","has_hero_section":"default","8ee26ee9629efa57ce2f988732dbca67":"","hero_section":"type-1","hero_elements":[{"id":"custom_title","enabled":true,"heading_tag":"h1","title":"Home"},{"id":"custom_description","enabled":true,"description_visibility":{"desktop":true,"tablet":true,"mobile":false}},{"id":"custom_meta","enabled":false,"meta_elements":[{"id":"author","enabled":true,"label":"By","has_author_avatar":"yes","avatar_size":25},{"id":"post_date","enabled":true,"label":"On","date_format_source":"default","date_format":"M j, Y"},{"id":"updated_date","enabled":false,"label":"On","date_format_source":"default","date_format":"M j, Y"},{"id":"categories","enabled":false,"label":"In","style":"simple"},{"id":"comments","enabled":true}],"page_meta_elements":{"joined":true,"articles_count":true,"comments":true}},{"id":"breadcrumbs","enabled":false}],"70f91566c296711dcbbf1400fec93b2f":"","hero_alignment1":"CT_CSS_SKIP_RULE","hero_margin":40,"hero_alignment2":"center","hero_vertical_alignment":"center","b8fd909e6c2b20d879aafced190f2a73":"","hero_structure":"narrow","f4a2f8e8731f23ef19e67040028c977b":"","page_title_bg_type":"featured_image","custom_hero_background":{"attachment_id":null},"parallax":{"desktop":false,"tablet":false,"mobile":false},"52c1d1c37ed9f91d5253e0282596367a":"","hero_height":"250px","pageTitleFont":{"family":"Default","variation":"Default","size":{"desktop":"32px","tablet":"30px","mobile":"25px"},"line-height":"CT_CSS_SKIP_RULE","letter-spacing":"CT_CSS_SKIP_RULE","text-transform":"CT_CSS_SKIP_RULE","text-decoration":"CT_CSS_SKIP_RULE"},"pageTitleFontColor":{"default":{"color":"CT_CSS_SKIP_RULEDEFAULT"}},"pageMetaFont":{"family":"Default","variation":"n6","size":"12px","line-height":"1.3","letter-spacing":"CT_CSS_SKIP_RULE","text-transform":"uppercase","text-decoration":"CT_CSS_SKIP_RULE"},"pageMetaFontColor":{"default":{"color":"CT_CSS_SKIP_RULEDEFAULT"},"hover":{"color":"CT_CSS_SKIP_RULEDEFAULT"}},"page_meta_button_type_font_colors":{"default":{"color":"CT_CSS_SKIP_RULEDEFAULT"},"hover":{"color":"CT_CSS_SKIP_RULEDEFAULT"}},"page_meta_button_type_background_colors":{"default":{"color":"CT_CSS_SKIP_RULEDEFAULT"},"hover":{"color":"CT_CSS_SKIP_RULEDEFAULT"}},"pageExcerptFont":{"family":"Default","variation":"Default","size":"CT_CSS_SKIP_RULE","line-height":"CT_CSS_SKIP_RULE","letter-spacing":"CT_CSS_SKIP_RULE","text-transform":"CT_CSS_SKIP_RULE","text-decoration":"CT_CSS_SKIP_RULE"},"pageExcerptColor":{"default":{"color":"CT_CSS_SKIP_RULEDEFAULT"}},"breadcrumbsFont":{"family":"Default","variation":"Default","size":"CT_CSS_SKIP_RULE","line-height":"CT_CSS_SKIP_RULE","letter-spacing":"CT_CSS_SKIP_RULE","text-transform":"CT_CSS_SKIP_RULE","text-decoration":"CT_CSS_SKIP_RULE"},"breadcrumbsFontColor":{"default":{"color":"CT_CSS_SKIP_RULEDEFAULT"},"initial":{"color":"CT_CSS_SKIP_RULEDEFAULT"},"hover":{"color":"CT_CSS_SKIP_RULEDEFAULT"}},"pageTitleOverlay":{"background_type":"color","background_pattern":"type-1","background_image":{"attachment_id":null,"x":0,"y":0},"gradient":"linear-gradient(135deg,rgba(6,147,227,1) 0%,rgb(155,81,224) 100%)","background_repeat":"repeat","background_size":"auto","background_attachment":"scroll","patternColor":{"default":{"color":"#e5e7ea"}},"overlayColor":{"default":{"color":"CT_CSS_SKIP_RULE"}},"backgroundColor":{"default":{"color":"CT_CSS_SKIP_RULE"}}},"pageTitleBackground":{"background_type":"color","background_pattern":"type-1","background_image":{"attachment_id":null,"x":0,"y":0},"gradient":"linear-gradient(135deg,rgba(6,147,227,1) 0%,rgb(155,81,224) 100%)","background_repeat":"repeat","background_size":"auto","background_attachment":"scroll","patternColor":{"default":{"color":"#e5e7ea"}},"overlayColor":{"default":{"color":"CT_CSS_SKIP_RULE"}},"backgroundColor":{"default":{"color":"var(--paletteColor6)"}}},"pageTitlePadding":{"top":"50px","bottom":"50px","left":"auto","right":"auto","linked":true},"d6df76f8b452c6941c402d7f67e6156e":"","page_structure_type":"default","8704dfdc1794a267650c531a2ebbc9c7":"","content_style_source":"inherit","content_style":{"0":"w","1":"i","2":"d","3":"e","desktop":"wide","tablet":"wide","mobile":"wide","__changed":[]},"vertical_spacing_source":"custom","content_area_spacing":"bottom","background":{"background_type":"color","background_pattern":"type-1","background_image":{"attachment_id":null,"x":0,"y":0},"gradient":"linear-gradient(135deg,rgba(6,147,227,1) 0%,rgb(155,81,224) 100%)","background_repeat":"repeat","background_size":"auto","background_attachment":"scroll","patternColor":{"default":{"color":"#e5e7ea"}},"overlayColor":{"default":{"color":"CT_CSS_SKIP_RULE"}},"backgroundColor":{"default":{"color":"CT_CSS_SKIP_RULE"}}},"content_background":{"background_type":"color","background_pattern":"type-1","background_image":{"attachment_id":null,"x":0,"y":0},"gradient":"linear-gradient(135deg,rgba(6,147,227,1) 0%,rgb(155,81,224) 100%)","background_repeat":"repeat","background_size":"auto","background_attachment":"scroll","patternColor":{"default":{"color":"#e5e7ea"}},"overlayColor":{"default":{"color":"CT_CSS_SKIP_RULE"}},"backgroundColor":{"default":{"color":"var(--paletteColor8)"}}},"content_boxed_shadow":{"inherit":false,"blur":18,"spread":-6,"v_offset":12,"h_offset":0,"inset":false,"enable":true,"color":{"color":"rgba(34, 56, 101, 0.04)"}},"boxed_content_spacing":{"desktop":{"top":"40px","bottom":"40px","left":"40px","right":"40px","linked":true},"tablet":{"top":"35px","bottom":"35px","left":"35px","right":"35px","linked":true},"mobile":{"top":"20px","bottom":"20px","left":"20px","right":"20px","linked":true}},"content_boxed_radius":{"top":"3px","bottom":"3px","left":"3px","right":"3px","linked":true},"de80ef25d199e0a32c395debf56c3536":"","disable_featured_image":"no","disable_header":"no","disable_footer":"no","06fd085c20716686d887f507e55580aa":"","4d048ba9c712a057b86ebeb2c2768f08":"","0bb20fe8de80eb69b894fdc8654e9335":"","c9ed2011d9e67ba360c2d2e956671f04":"","0de334c5735ef189b58e17fbdddb6fd2":"","0738deb0a59d950c018265a8e1714b38":"","547e96f90bc4cbe4506eac455d0061c3":"","2ec96746c2ab424d825e284ac7c2ef9c":""},"_links":{"self":[{"href":"https:\/\/www.rihs.ufscar.br\/hslivros\/wp-json\/wp\/v2\/pages\/635"}],"collection":[{"href":"https:\/\/www.rihs.ufscar.br\/hslivros\/wp-json\/wp\/v2\/pages"}],"about":[{"href":"https:\/\/www.rihs.ufscar.br\/hslivros\/wp-json\/wp\/v2\/types\/page"}],"author":[{"embeddable":true,"href":"https:\/\/www.rihs.ufscar.br\/hslivros\/wp-json\/wp\/v2\/users\/1"}],"replies":[{"embeddable":true,"href":"https:\/\/www.rihs.ufscar.br\/hslivros\/wp-json\/wp\/v2\/comments?post=635"}],"version-history":[{"count":9,"href":"https:\/\/www.rihs.ufscar.br\/hslivros\/wp-json\/wp\/v2\/pages\/635\/revisions"}],"predecessor-version":[{"id":644,"href":"https:\/\/www.rihs.ufscar.br\/hslivros\/wp-json\/wp\/v2\/pages\/635\/revisions\/644"}],"wp:attachment":[{"href":"https:\/\/www.rihs.ufscar.br\/hslivros\/wp-json\/wp\/v2\/media?parent=635"}],"curies":[{"name":"wp","href":"https:\/\/api.w.org\/{rel}","templated":true}]}}